10492/207 - (-4)/18. Suppose a = 5*v + v. Suppose -4*i + 103 = -0*q + q, 0 = -q + 3*i + v. What is the highest common divisor of q and 19?
19
Let n be (-1)/(-1)*(-534 + 2081). What is the greatest common factor of n and 238?
119
Let y(l) = 28*l**2 - 105*l - 307. Let a be y(-3). What is the highest common factor of a and 720?
20
Let m(h) = -h**3 - 4*h**2 + 7*h + 9. Let y be m(-5). Let r be 774/27 + y/(-3). Let g = r - 25. What is the greatest common divisor of 36 and g?
4
Let p(a) = 94*a + 16. Let g be p(4). Suppose u + 5 = b, -15*u + 18*u = 2*b - 7. What is the highest common factor of g and b?
8
Let n be 73518/42 - ((-36)/14 + 3). Calculate the highest common factor of n and 70.
70
Let w(i) = i**3 - 17*i**2 + 48*i + 38. Let p be w(14). Let f = -305 - -610. Calculate the highest common factor of p and f.
61
Let w(r) = r**2 - 5*r + 21. Let t = 169 + -162. Let b be w(t). What is the greatest common divisor of b and 105?
35
Suppose -t = -4*g - 27 + 677, -804 = -5*g - 3*t. Let m = -53 + 102. Suppose -m*z + g = -43*z. What is the highest common factor of z and 216?
27
Let q be (-1)/(-8) + (-209229)/(-2328). What is the highest common divisor of q and 132?
6
Let i = -16435 - -16738. Calculate the highest common factor of 5555 and i.
101
Let d be 1710 + 5 - 1 - -5. What is the highest common factor of 9 and d?
9
Suppose -30*h = 30*h - 69*h + 216. Let i(z) = -z**3 + z**2 - 3*z + 3. Let l be i(-3). What is the highest common factor of l and h?
24
Let s = 289 - 421. Let g = 272 + s. Calculate the highest common factor of 60 and g.
20
Let l be (3 - (8 + -4))*-46. Let y = 51 - l. Suppose y*h - 15 = 5*j, -j - 20 = -5*h + 3*j. Calculate the highest common factor of 88 and h.
8
Let b be (-7 - (-23 - -8) - 8) + 858. Calculate the highest common factor of 1188 and b.
66
Suppose -5*i + 75 = -0*m - 5*m, -2*m = 5*i - 47. Let s = -254 + 144. Let q be ((-324)/135)/(3/s). What is the highest common factor of q and i?
11
Let m = -254 + 390. Let w = 196242 - 196234. Calculate the greatest common factor of w and m.
8
Let r be ((-5)/(-3))/(1/22 + (-45235)/1035342). What is the highest common factor of 2295 and r?
135
Suppose -1170 = 48*u - 45*u. Let z = u + 788. Suppose -x - 2*j + 238 = 2*x, 0 = -5*x - 2*j + z. Calculate the highest common divisor of 10 and x.
10
Let p be (6/(-8) + (-312)/(-160))/((-24)/(-1280)). What is the highest common divisor of p and 952?
8
Suppose -38*n - 550 = 12*n. Let o(m) = m**2 + 3*m - 38. Let y be o(n). Calculate the highest common factor of 650 and y.
50
Let f(i) = -40*i - 5. Let b = -10 + 6. Let t be f(b). Suppose 11*u - 4*u - 372 = -5*u. What is the highest common divisor of t and u?
31
Suppose -40 = -5*h + 65. Let n = 28 - h. Suppose n*q - 2*q = 55. Calculate the greatest common divisor of q and 22.
11
Let x(i) = -102*i - 28. Let w be x(-2). Suppose 30 + 18 = 2*o + 4*u, -3*o = 4*u - 80. Calculate the greatest common divisor of w and o.
16
Suppose 0 = -16*r - 3465 + 16841. What is the highest common factor of 190 and r?
38
Let m = 1880 + -520. What is the highest common divisor of m and 1445?
85
Let w = 12521 - 11913. Calculate the greatest common divisor of w and 96.
32
Suppose 22*k - 1219 - 3719 = 4302. Calculate the greatest common factor of 410 and k.
10
Let q be (0/1)/1 + 28. Suppose 276*b + 980 = 281*b. Calculate the greatest common factor of q and b.
28
Let x = -16696 + 16748. Calculate the greatest common divisor of x and 11986.
26
Let c be ((0 - 2) + -27)/(-1). Let v(a) = -19*a - 36*a - 10*a - 23*a + 21 - 36*a. Let p be v(-1). Calculate the greatest common divisor of c and p.
29
Let d be (-2)/10 - 184/(-20). Suppose -4*i + 20 = -d*i, 420 = 2*u + 5*i. Calculate the greatest common divisor of u and 88.
44
Suppose -16*y + 72*y + 1344 = 0. Let z be (2/(-4))/((-2)/232). Let r = z + y. What is the greatest common factor of 102 and r?
34
Let q be 5 - (5 - (1922 + -1)). Calculate the highest common factor of 17 and q.
17
Suppose 0 = 4*a - 397 - 743 - 556. What is the greatest common divisor of 184 and a?
8
Let n = -71 - -105. Let c = -32 + n. Suppose 5*a = c*f - 11 - 5, 5*f = 2*a + 61. Calculate the highest common factor of 26 and f.
13
Let q = -20163 + 20702. Calculate the greatest common factor of q and 1848.
77
Let v(j) = 13*j + 169. Let o(p) = p - 2. Let r(k) = 6*o(k) + v(k). Let d be r(23). Calculate the highest common divisor of 54 and d.
54
Suppose -5*a - 11321 = -b - 1046, -3*b - 3*a = -30771. Calculate the greatest common factor of 216 and b.
108
Let b(y) = 205*y + 1278. Let r be b(26). Calculate the greatest common divisor of r and 16.
16
Suppose 5*b = 3*a - 10015, 5*a - 16*b = -13*b + 16697. What is the highest common divisor of a and 20?
20
Suppose -w - 49 = 21. Let o = w + 85. Let k(b) = b**3 - 3*b**2 + b + 3. Let f be k(3). What is the greatest common divisor of o and f?
3
Let c = -18302 - -18314. What is the highest common factor of c and 2012?
4
Suppose 0 = -0*m + 5*m - 675. Suppose 3 = -0*q + q. Suppose -5*f = -20, -74 = -3*z - q*f + 19. Calculate the greatest common factor of m and z.
27
Suppose -5*v + 1 = -344. Suppose 0 = c + 3*g - 120, -4*c - 3*g + 477 + 57 = 0. Calculate the highest common divisor of c and v.
69
Let v = 107 + -110. Let w be v/9 - ((-82)/3 - -6). What is the greatest common factor of 9 and w?
3
Let t = 7 - 5. Let v be 15/t*(4 + 2). Suppose 8*s - 16 = 5*s - o, 4*s + 4*o = 24. What is the highest common factor of s and v?
5
Let t be (-231)/616 - (-43)/8. Let p = 1 - 1. Suppose 3*q + p*q - 9 = 0, n - t*q - 16 = 0. Calculate the greatest common factor of 62 and n.
31
Let h = 10251 - 8259. What is the greatest common factor of 72 and h?
24
Let t(g) = g**3 - g**2 - 2*g + 6. Let n be t(2). Let k be ((-2)/6)/(n/(-810)). Let s be 28/((-5)/(-2)*12/k). Calculate the greatest common factor of 6 and s.
6
Suppose 7*c = 25099 - 8250. Calculate the highest common divisor of 58 and c.
29
Suppose y - 1036 = 15*y. Let c = y - -169. What is the greatest common factor of c and 19?
19
Let l(y) = 2*y**3 + 23*y**2 - 3*y - 127. Let q be l(-8). What is the highest common factor of q and 390?
15
Suppose 0 = -s - 33 + 51. Suppose 12 = 22*q - s*q. Suppose u - 17 = q. Calculate the greatest common divisor of 40 and u.
20
Let w be 97 - -8 - ((-1 - 5) + -3)/(-1). What is the highest common factor of w and 24048?
48
Suppose -14*q - 5890 + 7010 = 0. What is the greatest common divisor of q and 536?
8
Let v(a) = 161*a**2 - 2*a + 15. Let b be v(3). Calculate the highest common factor of b and 60.
6
Suppose 23*l = 134 + 372. Calculate the greatest common divisor of 594 and l.
22
Suppose 13*o + 23444 = 69490. Let q be 14/18 + -1 - o/(-63). Calculate the highest common divisor of 16 and q.
8
Suppose -4*w - 5*h + 194 = 0, -2*h = -1 - 3. Suppose -w*a - 1205 = -5069. What is the greatest common factor of a and 588?
84
Let s = -1967 + 1379. Let v = -577 - s. What is the greatest common divisor of 473 and v?
11
Suppose -n + 74 = 4*z + 4*n, -5*z = -4*n - 72. Let r(h) = z + 47*h + 46*h - 95*h. Let f be r(2). Calculate the greatest common divisor of 42 and f.
6
Let n = -99 - -154. Let t = -34 + 24. Let z = 15 + t. What is the highest common divisor of n and z?
5
Let o(s) = -11*s**2 + 8 + s**2 + 3 - s**3 + 0 + s. Let n be o(-10). Let h be 10*(n + 3/6). What is the greatest common divisor of h and 90?
15
Let u(i) = 31*i**2 - 257*i + 2626. Let o be u(11). What is the highest common factor of 200 and o?
50
Suppose -4*p = 472 - 568. Calculate the highest common divisor of p and 8.
8
Let w = -142 - -202. Let j = 69648 - 69636. Calculate the highest common divisor of w and j.
12
Let g(h) be the third derivative of h**6/120 - h**5/12 + h**4/12 + 5*h**3/6 + 3*h**2 - 18. Let r be g(7). Calculate the greatest common divisor of 9 and r.
9
Suppose 0 = -5*m, -10*l + 108 + 18 = -7*l - 4*m. What is the greatest common factor of 450 and l?
6
Let g = -3 - 18. Let b be (-6)/g + (-38)/(-14). Suppose b*k + 2*k = -3*c + 482, 754 = 5*c - 4*k. What is the highest common factor of 14 and c?
14
Let p be -2 + 7/4 - 828/(-48). Suppose -19*k + p*k + 5*y + 814 = 0, -5*k + 2004 = 3*y. What is the greatest common divisor of 6 and k?
6
Let k = 49 - 37. Let n be 135 + (-11)/((-77)/(-42)). Calculate the greatest common factor of k and n.
3
Suppose 780 = 11*u + 4*u. Let k be 